 Let z = -21766 + 21776. Calculate the highest common divisor of z and f.
10
Let z be (-1)/(-6) - (-219)/(-18). Let f be (-2 + -1)/(z/40). Let y be 5/f + (-65)/(-2). What is the greatest common factor of y and 3?
3
Let d = -72 + 79. Let j = 11 + d. Calculate the highest common factor of 144 and j.
18
Let n = 0 + 8. Let z = 16 + n. Suppose i = -3*f + 182, -10 = -4*f - 3*i + 236. What is the highest common factor of f and z?
12
Suppose 370 = 2*j - b, -5*j - 62*b = -59*b - 892. Let d be 13*(2 - (-2 - -2)). Calculate the greatest common factor of j and d.
26
Let u be 0 + (-14)/3*(-90)/35. Suppose u*x + 210 = 17*x. Calculate the highest common factor of x and 42.
42
Suppose -y + 3*y + 10 = 0. Let x(w) = 3*w**2 - 2*w + 1. Let g be x(y). Let a be g - (-7)/(21/6). Calculate the highest common divisor of a and 11.
11
Let m be 2/12 + -2 + 625/30. Let r(t) = t**3 - 19*t**2 - t + 45. Let n be r(m). What is the greatest common factor of 26 and n?
26
Suppose -10*s = -8*s - 24. Let d(o) = -3*o**2 + 3*o. Let l be d(-5). Let h = l - -222. Calculate the greatest common factor of s and h.
12
Let z be (-5 - 165/(-6))*(-36)/(-30). What is the greatest common factor of 9 and z?
9
Let g = -30 + 8. Let d = g - -30. Calculate the highest common divisor of d and 88.
8
Suppose -u = -3*u + 4*c - 9078, 22719 = -5*u - 2*c. Let m be (-2 - 1)*u/21. Calculate the greatest common factor of m and 59.
59
Let t = 20 - 12. Let z = 6 + t. What is the highest common factor of 112 and z?
14
Let c(v) = 337*v + 35. Let t be c(5). What is the greatest common divisor of t and 160?
40
Suppose 4*z = -7*y + 12*y - 1070, 190 = y + 4*z. Suppose y = -34*m + 41*m. Calculate the greatest common factor of m and 30.
30
Let r = -47 + 53. Let j(p) = p**2 + 3*p - 4. Let g be j(r). Calculate the highest common divisor of g and 20.
10
Let j = -184 - -344. What is the highest common factor of j and 120?
40
Let c be 3/(-7) + (-42460)/(-77). Suppose -c = -4*v + 417. Suppose 244 = 2*b - 5*k, v = 2*b - 2*k - 2*k. Calculate the highest common divisor of b and 13.
13
Suppose -2*p - 7*p = -45. Let j(k) = -k + 1. Let c(o) = 10*o - 11. Let m(t) = c(t) + 5*j(t). Let u be m(p). Calculate the highest common factor of 57 and u.
19
Let b(r) be the third derivative of r**4/24 + r**3/3 - 15*r**2. Let o be b(6). Calculate the highest common factor of 88 and o.
8
Let j be (5 - 34)*6/(-1). What is the greatest common factor of j and 638?
58
Let d be (-12)/(-2) + (0 - 2). Suppose -7*o = -4*o + l - 940, -1270 = -d*o + 2*l. Calculate the highest common factor of o and 35.
35
Let r(i) = 2*i**2 - 6*i + 4. Let j be r(2). Suppose j = 8*h + 150 - 366. What is the greatest common divisor of h and 18?
9
Let q(l) = -2*l**3 - 3*l**2 + l - 3. Let w be q(-3). Suppose 4*g - 5*g + 3 = 0. What is the greatest common divisor of g and w?
3
Let r be 2 + (3 - -3 - -12). What is the greatest common factor of r and 70?
10
Let j(o) = -7*o + 11. Let b be j(-5). Suppose -5*w = -p - b, -p + 2 = -3*p. Suppose 0*u + u = 45. What is the greatest common factor of w and u?
9
Suppose 2*z - 5*n = -6, 3*z - 14 = -z - 3*n. Suppose z*r - 180 = -3*r. What is the highest common factor of 6 and r?
6
Let h(s) = -s**3 - 2. Let j be h(-2). Suppose -2*z - 2 + j = 0. Let x be 18 - -2*(-3)/z. Calculate the highest common factor of 30 and x.
15
Let f be -141 + (-3 + 1)/(-2). Let g be (-7)/(f/8368) - (-2)/(-5). Calculate the greatest common factor of g and 38.
38
Suppose 2*a - 4*k + 12 = -3*a, 15 = -2*a + 5*k. Let u(o) = o**3 + o**2 + 2*o + 2. Let z be u(a). Calculate the greatest common factor of z and 10.
2
Suppose 4*s - 23 = 5. Let k(w) = -2*w + 8. Let v be k(s). Let f be (v/(-2 - 1))/2. Calculate the highest common divisor of f and 3.
1
Let f = 84 - -36. Suppose -2 = 5*b + 3. Let h be 0 + (b - 1) + 32. Calculate the greatest common factor of h and f.
30
Suppose 0 = -5*v + 5, 5*n - 7*v - 387 = -4*v. What is the greatest common divisor of 12 and n?
6
Suppose -8 = -u - 3*r + 4, -2*r = -5*u + 128. Let d be 132/8 - (-1)/(-2). What is the highest common divisor of u and d?
8
Suppose 0 = -175*d + 184*d - 216. Calculate the greatest common factor of d and 8.
8
Let q be (66/18 + -4)/((-2)/120). Let u(z) = 6*z**2 + z - 2. Let x be u(-2). Calculate the greatest common factor of x and q.
20
Let g = 4 - -60. What is the highest common factor of 192 and g?
64
Let n be (6/(-3))/((-2)/5). Suppose 8*h - 120 = 5*h. Calculate the highest common factor of n and h.
5
Let h(u) = -7*u + 4. Let i be h(-3). Let n = 965 + -865. Calculate the highest common divisor of n and i.
25
Let m = -37 - 32. Suppose -5*s - 85 - 20 = 0. Let x = s - m. Calculate the highest common factor of 8 and x.
8
Let f(l) be the second derivative of l**3/2 + 9*l**2/2 - 2*l. Let b be f(7). Let c = 22 - 7. Calculate the greatest common divisor of b and c.
15
Let g = -37 - -8. Let w = g - -34. Calculate the highest common divisor of 5 and w.
5
Suppose 0 = 128*v - 134*v + 6. Let c be (-10)/((1/1)/(-1)). Let b be c + 22 - (0 - v). Calculate the greatest common divisor of 3 and b.
3
Let r = -76 + 209. Suppose b - 53 = -g, 2*b = -3*b - 2*g + 271. Let d be b/3 + (80/(-15) - -6). What is the highest common divisor of d and r?
19
Suppose -s - 34 = -2*n, 4*s - 40 = -5*n + 58. Calculate the highest common factor of n and 162.
18
Let m be -4*9*3/(-6). Let g(q) = 13*q**2 + q. Suppose 2*s + 1 = -3*p, -s = 2*p - 1 + 2. Let y be g(p). What is the greatest common divisor of y and m?
6
Let j = 13 + -11. Let u be j/30*-3 - 142/(-10). What is the greatest common divisor of 126 and u?
14
Let m(j) = j**3 + 10*j**2 + 2*j + 9. Let a be m(-9). Let q(v) = 0*v**2 - 2*v**2 - 9*v + v**2. Let g be q(-8). What is the highest common divisor of g and a?
8
Let r = -118 - -235. What is the highest common factor of 26 and r?
13
Suppose -165 = -32*c + 29*c. What is the highest common divisor of 880 and c?
55
Suppose -5*a + 21 = -3*k, -9 = -a - 2*a. Let u be k/1*(4 - 6). Suppose 71 = u*z - 3*o, 1 = o - 2*o. Calculate the highest common divisor of 153 and z.
17
Let i = 5 + 4. Suppose b = 3*f - f - i, -b - 7 = -f. What is the highest common divisor of 8 and f?
2
Let f(u) = 33*u - 6. Let b be f(6). Suppose -2*k + k + b = 0. Let g(s) = s**2 + 7*s - 74. Let j be g(7). What is the greatest common divisor of j and k?
24
Let s be (-68)/17*(-4)/((-16)/(-1434)). Calculate the highest common divisor of 6 and s.
6
Let w = 136 + -66. Suppose -5*a + 8*a + u = w, -3*u = -5*a + 126. Calculate the highest common factor of a and 168.
24
Suppose 189 + 19 = 13*h. Let t(x) = -x**3 - x**2 + 6*x. Suppose 0*v = -4*v - 24. Let k be t(v). What is the highest common factor of h and k?
16
Let s(j) = -23*j + 83. Let k be s(-4). Calculate the highest common divisor of k and 140.
35
Suppose 3*a = -3*q + 2412, 5*q + 2*a - 858 - 3168 = 0. Calculate the highest common divisor of 26 and q.
26
Let i = -256 - -314. What is the highest common divisor of 406 and i?
58
Let i be 6/(-21) - (-116)/14. Suppose 5*z - 58 = 152. Let o = -34 + z. What is the highest common factor of i and o?
8
Let h = 3567 + -3512. Suppose 5*n + 81 - 356 = 0. What is the highest common divisor of n and h?
55
Let g = -1014 - -1104. Calculate the highest common factor of 126 and g.
18
Suppose 179*u - 3740 = 159*u. What is the highest common divisor of 44 and u?
11
Let a(i) = i**3 + 24*i**2 - 2*i - 8. Let u be a(-24). What is the greatest common factor of 30 and u?
10
Let p be (-4)/26 + (-14175)/(-455). Let d = 53 + -30. Let m = p - d. What is the greatest common factor of m and 24?
8
Let q(v) = -33*v**3 - 5*v - 5. Let o be q(-1). What is the greatest common factor of 121 and o?
11
Let p = 327 - 325. Suppose 2*q + 2*q = 104. Suppose -3*x - g + q = -0*g, -2*g - 8 = 0. What is the highest common divisor of p and x?
2
Let v(i) = -2*i - 3. Let b = 9 - 9. Suppose 0*z + 5*z + 4*r - 1 = b, 3*z - 3*r + 21 = 0. Let n be v(z). What is the greatest common factor of n and 6?
3
Suppose 4*p = -p - q + 707, 2*q + 574 = 4*p. Let o = -54 + p. Suppose -7*x = 14*x - 231. What is the greatest common factor of o and x?
11
Suppose -2*p - 1 + 3 = 0. Let i be ((-230)/(-30))/(p/3). Let w be 1/(-5) - (-1038)/15. Calculate the highest common factor of i and w.
23
Let u = 16 + -31. Let p = u - -31. Calculate the highest common divisor of 64 an